{"id":23,"date":"2019-07-04T12:26:41","date_gmt":"2019-07-04T12:26:41","guid":{"rendered":"https:\/\/spiritual-health.ch\/?page_id=23"},"modified":"2019-09-09T20:03:16","modified_gmt":"2019-09-09T20:03:16","slug":"reiki","status":"publish","type":"page","link":"https:\/\/spiritual-health.ch\/?page_id=23","title":{"rendered":"Reiki"},"content":{"rendered":"<p>[vc_row][vc_column][vc_custom_heading text=&#8220;Reiki&#8220; font_container=&#8220;tag:h2|font_size:40|text_align:center|color:%23ffffff&#8220; use_theme_fonts=&#8220;yes&#8220;][vc_empty_space height=&#8220;20&#8243;][\/vc_column][\/vc_row][vc_row][vc_column width=&#8220;5\/6&#8243;][vc_column_text]Reiki ist weder eine Religion noch ein Kult, sondern eine nat\u00fcrliche Heilmethode, die durch die universelle Lebensenergie, in der Literatur auch als universelle Lichtkraft und Prana bezeichnet, die Selbstheilungskr\u00e4fte des K\u00f6rpers zu aktivieren hilft.<\/p>\n<p>Diese wurde bereits vor 2500 Jahren in den alten Sanskrit-Sutras erw\u00e4hnt. Im neunzehnten Jahrhundert wurden die alten \u00dcberlieferungen durch Dr. Mikao Usui aufgearbeitet und das sogenannte \u201eUsui System des nat\u00fcrlichen Heilens\u201c gegr\u00fcndet. Meine Reiki Ausbildung basiert auf diesem System, des \u201eUsui Shiki Ryoho\u201c.<\/p>\n<p>Reiki wird durch einfaches Handauflegen praktiziert. Dabei wirkt der Therapeut als eine Art Kanal f\u00fcr diese Energie und kann sie zum Klienten \u00fcbertragen.<br \/>\nDort wirkt diese stimulierend auf seine Selbstheilungskr\u00e4fte. Es k\u00f6nnen Blockaden gel\u00f6st und der Energiefluss im K\u00f6rper verbessert werden.[\/vc_column_text][\/vc_column][vc_column width=&#8220;1\/6&#8243;][vc_single_image image=&#8220;94&#8243; img_size=&#8220;full&#8220;][\/vc_column][\/vc_row][vc_row][vc_column][\/vc_column][\/vc_row]<\/p>\n","protected":false},"excerpt":{"rendered":"<p>[vc_row][vc_column][vc_custom_heading text=&#8220;Reiki&#8220; font_container=&#8220;tag:h2|font_size:40|text_align:center|color:%23ffffff&#8220; use_theme_fonts=&#8220;yes&#8220;][vc_empty_space height=&#8220;20&#8243;][\/vc_column][\/vc_row][vc_row][vc_column width=&#8220;5\/6&#8243;][vc_column_text]Reiki ist weder eine Religion noch ein Kult, sondern eine nat\u00fcrliche Heilmethode, die durch die universelle Lebensenergie, in der Literatur auch<span class=\"excerpt-hellip\"> [\u2026]<\/span><\/p>\n","protected":false},"author":1,"featured_media":0,"parent":0,"menu_order":0,"comment_status":"closed","ping_status":"closed","template":"","meta":[],"_links":{"self":[{"href":"https:\/\/spiritual-health.ch\/index.php?rest_route=\/wp\/v2\/pages\/23"}],"collection":[{"href":"https:\/\/spiritual-health.ch\/index.php?rest_route=\/wp\/v2\/pages"}],"about":[{"href":"https:\/\/spiritual-health.ch\/index.php?rest_route=\/wp\/v2\/types\/page"}],"author":[{"embeddable":true,"href":"https:\/\/spiritual-health.ch\/index.php?rest_route=\/wp\/v2\/users\/1"}],"replies":[{"embeddable":true,"href":"https:\/\/spiritual-health.ch\/index.php?rest_route=%2Fwp%2Fv2%2Fcomments&post=23"}],"version-history":[{"count":14,"href":"https:\/\/spiritual-health.ch\/index.php?rest_route=\/wp\/v2\/pages\/23\/revisions"}],"predecessor-version":[{"id":167,"href":"https:\/\/spiritual-health.ch\/index.php?rest_route=\/wp\/v2\/pages\/23\/revisions\/167"}],"wp:attachment":[{"href":"https:\/\/spiritual-health.ch\/index.php?rest_route=%2Fwp%2Fv2%2Fmedia&parent=23"}],"curies":[{"name":"wp","href":"https:\/\/api.w.org\/{rel}","templated":true}]}}